{"id":431,"date":"2026-03-16T11:57:21","date_gmt":"2026-03-16T11:57:21","guid":{"rendered":"https:\/\/helene-kinesiologue.fr\/?page_id=431"},"modified":"2026-04-09T18:05:30","modified_gmt":"2026-04-09T18:05:30","slug":"ma-formation-de-kinesiologue","status":"publish","type":"page","link":"https:\/\/helene-kinesiologue.fr\/?page_id=431","title":{"rendered":"MA FORMATION DE KINESIOLOGUE"},"content":{"rendered":"\n<h2 class=\"wp-block-heading\"><\/h2>\n\n\n\n<h2 class=\"wp-block-heading\"><\/h2>\n\n\n<div data-spectra-id=\"spectra-mn3cv0cs-fxx7ga\" style=\"display: flex; justify-content: center; \" class=\"wp-block-spectra-separator wp-block-spectra-separator\">\n\t<div class=\"spectra-separator-line\" style=\"margin-left: auto; margin-right: auto; background-color: currentColor; \"><\/div>\n<\/div>\n\n\n\n<div style=\"height:100px\" aria-hidden=\"true\" class=\"wp-block-spacer\"><\/div>\n\n\n\n<h3 data-aos-delay=\"0\" data-aos-duration=\"400\" data-aos-easing=\"ease\" data-aos-once=\"true\" data-aos=\"fade-up\" class=\"wp-block-heading has-text-align-center\">MA FORMATION DE KINESIOLOGUE<\/h3>\n\n\n\n<h2 class=\"wp-block-heading\"><\/h2>\n\n\n\n<p><\/p>\n\n\n\t<p data-spectra-id=\"spectra-mmwdsjzc-8xjojb\"\t\tclass=\"wp-block-spectra-content\">\n\t\tApr\u00e8s plus de 700 heures de stages, j&rsquo;ai obtenu ma certification en juin 2024 au sein de l&rsquo;Ecole de Kin\u00e9siologie et des M\u00e9thodes Associ\u00e9es (EKMA).<br>Je me suis form\u00e9e aux m\u00e9thodes fondamentales, \u00e0 savoir :\t<\/p>\n\n\n\n<div class=\"wp-block-columns has-border-color has-ast-global-color-3-color has-ast-global-color-5-background-color has-text-color has-background has-link-color wp-elements-649ec568afa62f376978f0822151fbe4 is-layout-flex wp-container-core-columns-is-layout-acdd315e wp-block-columns-is-layout-flex\" style=\"border-color:var(--ast-global-color-0);border-width:3px;border-top-left-radius:13px;border-top-right-radius:13px;border-bottom-left-radius:13px;border-bottom-right-radius:13px;margin-top:0;margin-bottom:0;padding-top:var(--wp--preset--spacing--40);padding-right:var(--wp--preset--spacing--40);padding-bottom:var(--wp--preset--spacing--40);padding-left:var(--wp--preset--spacing--40)\">\n<div class=\"wp-block-column is-layout-flow wp-block-column-is-layout-flow\">\n<p class=\"has-text-align-center\"><strong>SANTE PAR LE TOUCHER<\/strong><\/p>\n\n\n\n<p class=\"has-text-align-center\"><strong> (Touch for Health)<\/strong><\/p>\n\n\n\n<figure data-spectra-id=\"spectra-mmwdsjzq-kr6kzk\" data-aos-delay=\"0\" data-aos-duration=\"400\" data-aos-easing=\"ease\" data-aos-once=\"true\" data-aos=\"flip-up\" class=\"wp-block-image aligncenter size-full has-custom-border\"><img loading=\"lazy\" decoding=\"async\" width=\"195\" height=\"130\" src=\"http:\/\/helene-kinesiologue.fr\/wp-content\/uploads\/2026\/03\/pexels-photo-220443-220443.jpg\" alt=\"Wooden mannequin artfully posed against a black backdrop, showcasing movement.\" class=\"has-border-color wp-image-582\" \/><\/figure>\n\n\n\t<p data-spectra-id=\"spectra-mmwdsk00-78cdh5\"\t\tclass=\"wp-block-spectra-content\">\n\t\tSur les bases de la chiropractie et de la m\u00e9decine traditionnelle chinoise, cette technique fait le lien entre les muscles, les organes, les \u00e9motions et les m\u00e9ridiens. Elle consid\u00e8re une personne dans sa globalit\u00e9 (syst\u00e8mes structurel, mental, \u00e9motionnel et \u00e9nerg\u00e9tique) et\u00a0permet d&rsquo;interroger le corps via le test musculaire, pour y d\u00e9tecter un stress ou un d\u00e9s\u00e9quilibre dans un muscle.<br>Plusieurs m\u00e9thodes permettent ensuite de r\u00e9\u00e9quilibrer les diff\u00e9rents syst\u00e8mes.\t<\/p>\n<\/div>\n\n\n\n<div class=\"wp-block-column is-layout-flow wp-block-column-is-layout-flow\">\t<p data-spectra-id=\"spectra-mmwdsk0j-0gavyh\"\t\tclass=\"wp-block-spectra-content\">\n\t\t<strong>UNITE CORPS-MENTAL-ESPRIT<\/strong>\t<\/p>\n\n\n\n<p class=\"has-text-align-center\"><strong>(Three in One Concept)<\/strong><\/p>\n\n\n\n<figure data-spectra-id=\"spectra-mmwdsk0t-hjtttk\" data-aos-delay=\"0\" data-aos-duration=\"400\" data-aos-easing=\"ease\" data-aos-once=\"true\" data-aos=\"flip-up\" class=\"wp-block-image aligncenter size-full has-custom-border\"><img loading=\"lazy\" decoding=\"async\" width=\"150\" height=\"84\" src=\"http:\/\/helene-kinesiologue.fr\/wp-content\/uploads\/2026\/03\/smiley-2979107_150-2979107.jpg\" alt=\"smiley, emoticon, anger, angry, anxiety, emotions, emoticons, emojis, ball, calm, character, cheerful, confused, emotion, emotional, expression, face, facial, feeling, friendly, funny, happiness, happy, mad, madness, mood, moody, positive, psychology, sad, sadness, smile, symbol, unhappy, yellow, angry, anxiety, emotions, emotions, emotions, emotions, emotion, emotion, emotional, funny, happiness, happy, happy, happy, happy, happy, mood, positive, psychology, sad, sad, smile, smile, smile\" class=\"has-border-color wp-image-583\" \/><\/figure>\n\n\n\t<p data-spectra-id=\"spectra-mmwdsk12-pu06kk\"\t\tclass=\"wp-block-spectra-content\">\n\t\tCette technique a pour objectif de lib\u00e9rer les \u00e9motions du pass\u00e9 qui bloquent les perceptions du pr\u00e9sent. Si les causes du probl\u00e8me survenu dans le pass\u00e9 ne sont pas d\u00e9samorc\u00e9es, une d\u00e9cision prise dans le pr\u00e9sent ne tiendra pas au prochain stress similaire.\u00a0<br>Cette m\u00e9thode Unit\u00e9 Corps-Mental-Esprit a donc pour but de rendre le pouvoir du choix aux personnes qui se sentent impuissantes \u00e0 changer leur vie, du fait de leur stress n\u00e9gatif permanent.\t<\/p>\n<\/div>\n\n\n\n<div class=\"wp-block-column is-layout-flow wp-block-column-is-layout-flow\">\t<p data-spectra-id=\"spectra-mmwdsk1b-eh12c7\"\t\tclass=\"wp-block-spectra-content\">\n\t\t<strong>EDU KINESIOLOGIE<\/strong>\t<\/p>\n\n\n\n<p class=\"has-text-align-center\"><strong>(Brain Gym)<\/strong><\/p>\n\n\n\n<figure data-spectra-id=\"spectra-mmwdsk1l-lgi7ng\" data-aos-delay=\"0\" data-aos-duration=\"400\" data-aos-easing=\"ease\" data-aos-once=\"true\" data-aos=\"flip-up\" class=\"wp-block-image aligncenter size-full has-custom-border\"><img loading=\"lazy\" decoding=\"async\" width=\"150\" height=\"100\" src=\"http:\/\/helene-kinesiologue.fr\/wp-content\/uploads\/2026\/03\/stack-of-books-1001655_150-1001655.jpg\" alt=\"stack of books, vintage books, book, books, old, education, antique, stack, old books, retro, wisdom, learning, reading, literature, knowledge, black and white, gray book, gray books, gray education, gray learning, gray reading, gray vintage, gray retro, gray knowledge, gray old, books, education, education, education, education, education, wisdom, learning, learning, knowledge\" class=\"has-border-color wp-image-584\" \/><\/figure>\n\n\n\t<p data-spectra-id=\"spectra-mmwdsk1t-wuyg6h\"\t\tclass=\"wp-block-spectra-content\">\n\t\tVia diff\u00e9rents types de mouvements simples, cette technique facilite la connexion, la coordination et la synchronisation des deux h\u00e9misph\u00e8res c\u00e9r\u00e9braux. Les personnes (enfants et adultes) ayant des difficult\u00e9s d&rsquo;apprentissage ou des probl\u00e8mes de concentration, de communication ou d&rsquo;organisation peuvent ainsi retrouver leur plein potentiel.\t<\/p>\n<\/div>\n<\/div>\n\n\n\n<div style=\"height:100px\" aria-hidden=\"true\" class=\"wp-block-spacer\"><\/div>\n\n\n\t<p data-spectra-id=\"spectra-mmwdsk2a-w2c0fs\"\t\tclass=\"wp-block-spectra-content\">\n\t\tEt \u00e0 des m\u00e9thodes associ\u00e9es :\t<\/p>\n\n\n\n<div class=\"wp-block-columns has-border-color has-ast-global-color-5-background-color has-background is-layout-flex wp-container-core-columns-is-layout-f1013cca wp-block-columns-is-layout-flex\" style=\"border-color:var(--ast-global-color-0);border-width:3px;border-top-left-radius:13px;border-top-right-radius:13px;border-bottom-left-radius:13px;border-bottom-right-radius:13px;padding-top:var(--wp--preset--spacing--40);padding-right:var(--wp--preset--spacing--40);padding-bottom:var(--wp--preset--spacing--40);padding-left:var(--wp--preset--spacing--40)\">\n<div class=\"wp-block-column is-layout-flow wp-block-column-is-layout-flow\">\t<p data-spectra-id=\"spectra-mmwdsk2i-t19au4\"\t\tclass=\"wp-block-spectra-content\">\n\t\t<strong>AURA KINESIOLOGIE<\/strong>\t<\/p>\n\n\n\n<figure data-spectra-id=\"spectra-mmwdsk2r-28tpdg\" data-aos-delay=\"0\" data-aos-duration=\"400\" data-aos-easing=\"ease\" data-aos-once=\"true\" data-aos=\"flip-up\" class=\"wp-block-image aligncenter size-full has-custom-border\"><img loading=\"lazy\" decoding=\"async\" width=\"150\" height=\"108\" src=\"http:\/\/helene-kinesiologue.fr\/wp-content\/uploads\/2026\/03\/spiritualism-4552237_150-4552237.jpg\" alt=\"spiritualism, awakening, meditation, yogi, aura, spiritual, chakra, pineal, pineal gland, soul, third eye, yoga, meditating, tantra, mantra, spirit, om, energy, health, peace, relaxation, yantra, psychedelic, psytrance, blue health, blue yoga, blue meditation, blue relax, blue eye, blue energy, blue peace, blue soul, meditation, meditation, meditation, meditation, meditation, aura, spiritual, chakra, chakra, chakra, chakra, soul, yoga, yoga, yoga\" class=\"has-border-color wp-image-578\" \/><\/figure>\n\n\n\t<p data-spectra-id=\"spectra-mmwdsk30-385kye\"\t\tclass=\"wp-block-spectra-content\">\n\t\t<strong>TRAUMATISMES DE L&rsquo;ENFANCE ET RESILIENCE<\/strong>\t<\/p>\n\n\n\n<figure data-spectra-id=\"spectra-mmwdsk38-38h6o3\" data-aos-delay=\"0\" data-aos-duration=\"400\" data-aos-easing=\"ease\" data-aos-once=\"true\" data-aos=\"flip-up\" class=\"wp-block-image aligncenter size-full has-custom-border\"><img loading=\"lazy\" decoding=\"async\" width=\"150\" height=\"112\" src=\"https:\/\/helene-kinesiologue.fr\/wp-content\/uploads\/2026\/03\/perseverance-174886_150-174886-edited.jpg\" alt=\"perseverance, flower background, hope, daisy, beautiful flowers, flower, endurance, nature, rock, flower wallpaper, gray hope, gray rock\" class=\"has-border-color wp-image-588\" \/><\/figure>\n<\/div>\n\n\n\n<div class=\"wp-block-column is-layout-flow wp-block-column-is-layout-flow\">\t<p data-spectra-id=\"spectra-mmwdsk3g-u5v8m1\"\t\tclass=\"wp-block-spectra-content\">\n\t\t<strong>KINESIOLOGIE RELATIONNELLE<\/strong>\t<\/p>\n\n\n\n<figure data-spectra-id=\"spectra-mmwdsk3p-dfmyvd\" data-aos-delay=\"0\" data-aos-duration=\"400\" data-aos-easing=\"ease\" data-aos-once=\"true\" data-aos=\"flip-up\" class=\"wp-block-image aligncenter size-full is-resized has-custom-border\"><img loading=\"lazy\" decoding=\"async\" width=\"195\" height=\"130\" src=\"http:\/\/helene-kinesiologue.fr\/wp-content\/uploads\/2026\/03\/pexels-photo-8088499-8088499.jpg\" alt=\"A diverse group of individuals stands together, emotionless, in a studio setting.\" class=\"has-border-color wp-image-579\" \/><\/figure>\n\n\n\t<p data-spectra-id=\"spectra-mmwdsk43-z1nt3e\"\t\tclass=\"wp-block-spectra-content\">\n\t\t<strong>DEUIL ET MEMOIRES<\/strong>\t<\/p>\n\n\n\n<figure data-spectra-id=\"spectra-mmwdsk4c-1kkitq\" data-aos-delay=\"0\" data-aos-duration=\"400\" data-aos-easing=\"ease\" data-aos-once=\"true\" data-aos=\"flip-up\" class=\"wp-block-image aligncenter size-full has-custom-border\" style=\"margin-top:0;margin-bottom:0\"><img loading=\"lazy\" decoding=\"async\" width=\"150\" height=\"102\" src=\"http:\/\/helene-kinesiologue.fr\/wp-content\/uploads\/2026\/03\/angel-4148427_150-4148427.jpg\" alt=\"angel, mourning, of mourning, farewell, figure, faith, hope, symbol, sadness, angel, angel, angel, angel, angel, farewell, farewell, hope, hope, hope\" class=\"has-border-color wp-image-591\" \/><\/figure>\n<\/div>\n<\/div>\n\n\n\n<div style=\"height:100px\" aria-hidden=\"true\" class=\"wp-block-spacer\"><\/div>\n\n\n<div data-spectra-id=\"spectra-mmwdu574-c1t2an\" style=\"display: flex; justify-content: center; \" class=\"wp-block-spectra-separator wp-block-spectra-separator\">\n\t<div class=\"spectra-separator-line\" style=\"margin-left: auto; margin-right: auto; background-color: currentColor; \"><\/div>\n<\/div>\n\n\n\n<p><\/p>\n","protected":false},"excerpt":{"rendered":"<p>MA FORMATION DE KINESIOLOGUE SANTE PAR LE TOUCHER (Touch for Health) (Three in One Concept) (Brain Gym)<\/p>\n","protected":false},"author":1,"featured_media":0,"parent":0,"menu_order":0,"comment_status":"closed","ping_status":"closed","template":"","meta":{"_uag_custom_page_level_css":"","site-sidebar-layout":"default","site-content-layout":"","ast-site-content-layout":"default","site-content-style":"default","site-sidebar-style":"default","ast-global-header-display":"","ast-banner-title-visibility":"","ast-main-header-display":"","ast-hfb-above-header-display":"","ast-hfb-below-header-display":"","ast-hfb-mobile-header-display":"","site-post-title":"disabled","ast-breadcrumbs-content":"","ast-featured-img":"","footer-sml-layout":"","ast-disable-related-posts":"","theme-transparent-header-meta":"","adv-header-id-meta":"","stick-header-meta":"","header-above-stick-meta":"","header-main-stick-meta":"","header-below-stick-meta":"","astra-migrate-meta-layouts":"default","ast-page-background-enabled":"default","ast-page-background-meta":{"desktop":{"background-color":"var(--ast-global-color-4)","background-image":"","background-repeat":"repeat","background-position":"center center","background-size":"auto","background-attachment":"scroll","background-type":"","background-media":"","overlay-type":"","overlay-color":"","overlay-opacity":"","overlay-gradient":""},"tablet":{"background-color":"","background-image":"","background-repeat":"repeat","background-position":"center center","background-size":"auto","background-attachment":"scroll","background-type":"","background-media":"","overlay-type":"","overlay-color":"","overlay-opacity":"","overlay-gradient":""},"mobile":{"background-color":"","background-image":"","background-repeat":"repeat","background-position":"center center","background-size":"auto","background-attachment":"scroll","background-type":"","background-media":"","overlay-type":"","overlay-color":"","overlay-opacity":"","overlay-gradient":""}},"ast-content-background-meta":{"desktop":{"background-color":"var(--ast-global-color-5)","background-image":"","background-repeat":"repeat","background-position":"center center","background-size":"auto","background-attachment":"scroll","background-type":"","background-media":"","overlay-type":"","overlay-color":"","overlay-opacity":"","overlay-gradient":""},"tablet":{"background-color":"var(--ast-global-color-5)","background-image":"","background-repeat":"repeat","background-position":"center center","background-size":"auto","background-attachment":"scroll","background-type":"","background-media":"","overlay-type":"","overlay-color":"","overlay-opacity":"","overlay-gradient":""},"mobile":{"background-color":"var(--ast-global-color-5)","background-image":"","background-repeat":"repeat","background-position":"center center","background-size":"auto","background-attachment":"scroll","background-type":"","background-media":"","overlay-type":"","overlay-color":"","overlay-opacity":"","overlay-gradient":""}},"footnotes":""},"class_list":["post-431","page","type-page","status-publish","hentry"],"uagb_featured_image_src":{"full":false,"thumbnail":false,"medium":false,"medium_large":false,"large":false,"1536x1536":false,"2048x2048":false},"uagb_author_info":{"display_name":"HELENE","author_link":"https:\/\/helene-kinesiologue.fr\/?author=1"},"uagb_comment_info":0,"uagb_excerpt":"MA FORMATION DE KINESIOLOGUE SANTE PAR LE TOUCHER (Touch for Health) (Three in One Concept) (Brain Gym)","_links":{"self":[{"href":"https:\/\/helene-kinesiologue.fr\/index.php?rest_route=\/wp\/v2\/pages\/431","targetHints":{"allow":["GET"]}}],"collection":[{"href":"https:\/\/helene-kinesiologue.fr\/index.php?rest_route=\/wp\/v2\/pages"}],"about":[{"href":"https:\/\/helene-kinesiologue.fr\/index.php?rest_route=\/wp\/v2\/types\/page"}],"author":[{"embeddable":true,"href":"https:\/\/helene-kinesiologue.fr\/index.php?rest_route=\/wp\/v2\/users\/1"}],"replies":[{"embeddable":true,"href":"https:\/\/helene-kinesiologue.fr\/index.php?rest_route=%2Fwp%2Fv2%2Fcomments&post=431"}],"version-history":[{"count":42,"href":"https:\/\/helene-kinesiologue.fr\/index.php?rest_route=\/wp\/v2\/pages\/431\/revisions"}],"predecessor-version":[{"id":894,"href":"https:\/\/helene-kinesiologue.fr\/index.php?rest_route=\/wp\/v2\/pages\/431\/revisions\/894"}],"wp:attachment":[{"href":"https:\/\/helene-kinesiologue.fr\/index.php?rest_route=%2Fwp%2Fv2%2Fmedia&parent=431"}],"curies":[{"name":"wp","href":"https:\/\/api.w.org\/{rel}","templated":true}]}}